te -3 + 3 - 0 - (-3 + 2).
1
Calculate -5 + -4 + (13 - 5).
-1
What is the value of -6 + (0 - 4) + 5?
-5
What is (1 - -3) + -1 + 0?
3
What is -17 + 14 + (1 - 0) + -4?
-6
Evaluate 2 + -4 + -1 + 1 + -3.
-5
What is -3 + 4 + 1 + -3 + 3?
2
Calculate -3 + (-1 - -1) + 4 + 0.
1
6 + (9 - 14) + -9
-8
What is the value of 1 - 3 - (0 - -6)?
-8
-4 - 1 - (-3 + -3)
1
What is 7 + (8 - 14) + -2?
-1
Calculate (12 - 12) + -1 + 2.
1
What is the value of 6 + (6 + -13 - -2 - -2)?
3
What is the value of 2 - -3 - (-1 - (-5 - -6))?
7
Evaluate 8 + (12 - 10 - (4 - -1)).
5
What is 5 - ((3 - -1) + -4)?
5
Evaluate 6 + -6 - -4 - 6.
-2
What is the value of 97 + -97 + -3 + (0 - -1)?
-2
Calculate (-2 - (0 + -2)) + (-23 - -28).
5
What is 7 - (-4 - -7) - 2 - -1?
3
What is the value of -10 + (1 - -3) + 6?
0
Evaluate 2 + 1 + -4 + -17 + 29.
11
Evaluate 1 + -8 + 22 + -6.
9
What is 15 - (-4 - (0 + -6)) - 8?
5
Evaluate 9 + -8 + 2 - -4.
7
Evaluate 7 + (2 - 2) - (0 + 6).
1
What is the value of 8 + 11 + -7 + -10?
2
Calculate -4 + 2 - (-10 + 4).
4
0 + 3 - ((-4 - -2) + 2)
3
Calculate 3 - -2 - 7 - 4.
-6
Calculate -5 + (13 - 2) - 0.
6
Evaluate 8 - 1 - (37 + -34).
4
What is -2 + (2 + (0 - 2) - -6)?
4
(-7 - -6 - 1) + 5
3
What is -4 - (10 + -9) - (7 - 4)?
-8
Evaluate (-1 - -1 - (-12 - -12)) + -3.
-3
Calculate 8 - (9 + (-7 - -5)).
1
What is the value of -14 - -9 - (-1 + (2 - -1))?
-7
Calculate -2 + 0 + -1 + 33 + -27.
3
Calculate 3 - (0 + 6 - 3 - 1).
1
Calculate -36 + 35 - (1 + -2).
0
Evaluate 0 - 2 - (-7 - -3 - 2).
4
Evaluate -1 + 0 + 0 + 0.
-1
What is (-4 - -5) + (-3 - (-2 + 3))?
-3
Evaluate -3 - (3 + 0 - 1) - 0.
-5
Calculate 4 - (-2 + (4 - 7 - -6)).
3
Evaluate -5 + (9 - (-6 + 5)).
5
Evaluate 2 - (-1 - -10) - (11 + -14).
-4
What is the value of (8 - 5) + -7 + 1?
-3
Evaluate -5 + 2 + (-5 - -7 - 0).
-1
Evaluate 14 + 1 + -8 - (3 + 10).
-6
Calculate 9 - 13 - (1 - (-2 + 8)).
1
Calculate 1 - (6 + -4 + -6).
5
Evaluate 1 + -3 + (21 - 14).
5
Calculate 52 + -52 + 0 + 6.
6
What is -2 + 4 + -2 - -4?
4
Calculate -2 + -1 + -4 + 7.
0
-2 - (13 - 4 - 5)
-6
Evaluate -8 + 17 - 0 - 14.
-5
What is the value of 10 - (-2 + 4 - -6)?
2
Evaluate -1 - (-1 + 2 + -1).
-1
-11 + 8 + -2 + 4
-1
-3 + (0 - (2 - 0))
-5
2 + -10 + -5 + (-7 - -15)
-5
Evaluate -3 + (2 - (3 + 0)) + 2.
-2
Evaluate -2 + (2 - (-3 - (-2 + 0))).
1
What is the value of -7 + (-9 + 1 - -14)?
-1
What is 2 - (-3 - (0 + 1 - 1))?
5
8 + (-7 - 1) - 4 - -1
-3
What is (7 - 9) + 9 + -3?
4
-15 + 1 + 28 + -22
-8
Evaluate -2 - (-4 + 3 - -6 - 7).
0
(7 - (-17 - -20)) + (1 - 6)
-1
Evaluate -6 + 9 + 5 + -13.
-5
Calculate -8 - -18 - 7 - -5.
8
(-1 - -12) + 9 + -15
5
Calculate 5 + (4 - 2) + -2 + -10.
-5
Evaluate -3 - ((-19 - -15) + 1 + 0).
0
8 - -5 - 4 - 12
-3
(3 - 7) + -1 + 5
0
(4 - 5) + 4 + (-9 - -3)
-3
(3 - (0 + 1 - 2)) + -4
0
What is (7 - 9) + (-1 - -3 - -2)?
2
What is the value of -5 + 2 + (1 - -5) - 3?
0
Evaluate -5 + 9 + 8 + -10.
2
What is 78 + -75 + (-2 - (2 - 0))?
-1
Calculate -5 - (0 + -6) - -2.
3
Calculate 5 + 0 + -8 - (1 + 2).
-6
(-2 - -8) + (-29 - -21) - -1
-1
What is -1 - (0 - (1 + -1))?
-1
What is -1 + (3 - 6) + 2 - -5?
3
Calculate 8 + (-20 - -11 - -1).
0
What is 3 - (3 + -4 + 1)?
3
Calculate 4 - (2 + -1) - (19 + -13).
-3
Calculate -2 - (5 - (-3 + 2 - -4)).
-4
(8 - (9 - 2)) + -2
-1
What is the value of (1 - -3) + -3 + (-2 - -2)?
1
Calculate 38 - 41 - (-1 + -7).
5
What is the value of 3 + -10 + 4 + (-1 - 3)?
-7
Calculate 1 + (0 + 2 - -2 - 3).
2
What is the value of 5 + -4 + 5 - 10?
-4
Evaluate 1 - 1 - (-11 - -7).
4
Evaluate 11 - (6 - -12) - (2 + 1).
-10
Evaluate 4 + (1 - 6) + -3.
-4
Evaluate (0 - (-1 - -4)) + -1 + 1.
-3
Calculate 8 + -8 + -1 + 3.
2
What is (-2 - -1 - -3) + -38 + 41?
5
What is the value of 1 + -1 + 4 + -2?
2
Calculate 3 + 3 - (5 + -3).
4
What is the value of (3 + -3 - 3) + (0 - -1)?
-2
Calculate 1 - -1 - (-13 - -12) - -1.
4
4 + -13 + 7 + 4
2
What is -11 + -1 + 6 + (2 - -5)?
1
Evaluate (4 - 1) + -6 + 7.
4
-2 + -1 + 5 + 0 - -2
4
What is -6 + 2 + 1 + -2?
-5
What is 6 + -8 - (1 + (1 - 1))?
-3
Calculate (4 - (-1 + 7)) + 1.
-1
Evaluate -2 - (-8 + (10 - 8)).
4
Calculate -6 + (2 - (-7 + 4)).
-1
Calculate -3 - (0 - 10) - (11 - 5).
1
Evaluate 9 + -12 - (-1 + -2 + 0).
0
What is the value of 6 + -6 - (3 + 0 + -2)?
-1
What is the value of -4 + 4 + (-2 - (3 + -1))?
-4
0 + -3 - (5 - 4 - 1)
-3
Evaluate 3 - (2 - -1) - 1.
-1
Calculate -5 + 2 - (3 + -6 + 4).
-4
(12 - (29 + -8)) + 13
4
What is 9 - (8 - (-9 + 8))?
0
(-11 + 6 - -1 - 3) + 3
-4
What is the value of -3 - -2 - (21 - 19)?
-3
What is the value of 1 + -4 + -2 + 3 - 7?
-9
What is (2 - -1) + -12 + 12?
3
What is (7 + 0 - 12) + (7 - 1)?
1
-3 - (-3 + 1) - (0 - -4)
-5
(8 + -3 - 2) + (-2 - 0)
1
Calculate 3 - (3 + -4) - 4.
0
What is 0 - (-5 - (6 - 12)) - 3?
-4
Evaluate -6 + (4 - (0 - 6)).
4
-17 + 2 - (2 - (7 - -2))
-8
Evaluate 8 + -4 + -9 - 0.
-5
What is the value of -2 + (6 - 0 - 4 - 2)?
-2
29 + -35 + (1 - (-3 + 0))
-2
What is (-83 - -75) + 2 + 0 + 1?
-5
What is -6 + 2 + (2 - (0 - -3))?
-5
Evaluate 6 - ((2 - 3) + 0) - 2.
5
What is the value of 5 + -4 - (-3 - (2 - 2))?
4
What is the value of (-1 - 0) + -4 + 2 + -1?
-4
What is 2 + -14 - (-2 + -5)?
-5
What is the value of -1 - (3 + -3 + 1 + -4)?
2
What is -7 - -4 - (-1 + 0)?
-2
Evaluate 1 - (5 - (0 + -4 + 8)).
0
Calculate (1 - 5) + (3 + -2 - -6).
3
7 + -7 - (1 + -3)
2
Evaluate -40 - -46 - (-1 + 4).
3
Calculate (1 - (-1 - 2)) + (2 - 2).
4
What is the value of 2 + 7 + (3 - 5)?
7
Evaluate (-12 - -2) + 3 + 6.
-1
Evaluate (7 - 6 - 7) + 5.
-1
-3 - -5 - (0 - -3)
-1
Evaluate 2 - (3 - 0 - 2).
1
What is the value of (-18 - -10) + (-7 - -4)?
-11
What is -1 + -3 + (1 - -5) + -5?
-3
What is (8 - 2) + 15 + -16?
5
What is 14 + -10 + 5 + -3?
6
Evaluate 22 + -24 + (0 + 4 - -1).
3
Calculate -3 + 5 - (2 + -4 - -5).
-1
1 - 1 - (8 - (5 - 0))
-3
Evaluate 0 + -1 + (-6 - -7 - 1).
-1
What is the value of 0 + -4 + 4 + 5?
5
16 - (-6 - (4 - 15)) - 5
6
What is 9 + 2 + -8 - (0 + 2)?
1
What is the value of 0 + 0 + -6 - (5 + -13)?
2
Evaluate -1 + -2 - (10 + -10).
-3
Evaluate -13 + 16 - 2 - (10 + -1).
-8
Evaluate -1 + (0 - -5) - -1.
5
What is the value of (4 - (1 + 3)) + 4 + -9?
-5
What is the value of 7 - (11 + -11 - -3)?
4
Evaluate (2 - 0) + -19 + 20.
3
What is the value of -5 - ((9 - 13) + (3 - 1))?
-3
Evaluate -11 - (2 + -1 + -8).
-4
What is -9 + 3 + 1 + -3 + -1?
-9
What is -22 + 21 - (0 + 0)?
-1
-1 - (-4 + 6 - (9 + -1))
5
What is -2 - -3 - (4 - 7)?
4
Evaluate 4 + (-2 - 1 - 2).
-1
0 + 0 + -1 + (-6 - -11)
4
0 + -1 + -6 - (-20 - -6)
7
Evaluate -5 + (-5 - (-7 + -3 + 4)).
-4
What is 7 + -8 + -4 + 0 + 7?
2
What is (-10 + 13 - (0 - 0)) + -6?
-3
Calculate -7 + 12 - (6 - -5).
-6
What is -3 - (1 + -1 + (-15 - -12))?
0
Calculate 7 - 2 - (5 + 0 - 2).
2
Evaluate -2 - -9 - (18 + -2).
-9
Evaluate 4 + (-3 + 4 - 10).
-5
What is 2 - 6 - 0 - 0 - 1?
-5
Calculate 3 - (1 + 0 - 3).
5
Calculate -1 - -1 - (6 + 4 + -9).
-1
What is 5 + (7 - (-2 + 11))?
3
Calculate -4 - ((-1 - -2) + -8).
3
What is 2 + (-2 - (1 + 1) - -2)?
0
Evaluate 1 + 0 + (3 - (5 - 0)).
-1
5 + -6 - 7 - (-3 + 0)
-5
Calculate 1 + (-3 - (-1 - -1) - -6).
4
Evaluate 1 - (7 + -1 + -7).
2
Calculate 5 + -7 + -7 - -5.
-4
What is the value of -2 - (1 + -3) - -1?
1
What is the value of 10 + (-27 - -11) + 7?
1
What is 9 + -4 - (-1 - (-8 + -4))?
-6
Calculate (3 - 1) + (7 - 0).
9
Calculate 1 + -1 + 10 + (7 - 17).
0
Evaluate 1 - 1 - (-6 + 2).
4
What is (18 - 10 - -7) + -11?
4
Calculate 0 + 5 + (13 - 13).
5
Calculate 1 - -1 - (0 - (-6 - -7)).
3
Evaluate 2 + (-3 - 1 - -2).
0
What is the value of (6 - (-3 - -11)) + -6?
-8
Calculate (4 + 1 - 5) + -6 - 0.
-6
What is (-1 - (5 + -9)) + 3 + -2?
4
What is the value of -8 + (8 - (-5 - -11))?
-6
What is the value of -16 - (-26 + 1 - -11)?
-2
What is the value of -1 - (-4 - (-6 + (-7 - -5)))?
-5
What is 4 + -6 + (0 - -3)?
1
(-2 - -5) + -1 + 3 - 6
-1
Evaluate (0 - 2) + 2 + -3.
-3
Evaluate -5 + 3 + -1 - -6.
3
What is (-4 + 1 - -4) + -4 - -2?
-1
What is 34 + -31 - (-3 - -1 - -1)?
4
What is the value of -3 - (-5 + (0 - -1))?
1
What is 3 + -1 + -2 + -5?
-5
Calculate (-2 - -4) + 3 + -4.
1
What is 2 + (-6 - (2 - 12))?
6
(-6 - (-2 + 2 - 3)) + 0
-3
(-12 - -8) + -4 + 6 - 6
-8
7 + (1 + -8 - -7)
7
What is -11 - (-8 + (-1 - -4) + 0)?
-6
What is (-10 - (-4 - 6)) + -2?
-2
-17 + 11 + -1 - (1 - 6)
-2
Evaluate -1 - (5 + -7 - (-4 - -4)).
1
Calculat